1. Give x(i).
16
Let p(o) = 11*o**3 - 16*o**2 + 4*o - 4. Let v(l) = -5*l**3 + 7*l**2 - 2*l + 2. Let g(y) = 6*p(y) + 13*v(y). Determine g(4).
-22
Let r(t) = -6*t**2 - 11*t**3 - 2*t**3 + 4*t**2 + t**2. Suppose 2*o - 2 = -4. Determine r(o).
12
Let d(n) = 2*n**2 + 21*n + 18. Let b(c) = c**2 + 12*c + 10. Let m(p) = -7*b(p) + 4*d(p). Suppose 0 = 2*j - 4. Calculate m(j).
6
Let j be ((-2)/(-6))/(-9 - (-680)/75). Let w(u) = u**2 - 11*u + 7. Determine w(j).
-23
Let d(n) = n**3 - n**2 - n + 2. Let t be d(0). Let z(b) = -5 - 7*b - 7*b**3 + 5*b**t + 5*b**3 + 3*b**3. Calculate z(-6).
1
Let d(p) = -2*p + 6. Let j(g) = -5*g + 41. Let k be j(11). Let i be (-33)/(-7) + (-4)/k. Calculate d(i).
-4
Let t(x) be the first derivative of x**5/20 - x**3/3 - x**2 - 4*x + 2. Let f(b) be the first derivative of t(b). Let s be 2 + (-1 + 1 - 4). Calculate f(s).
-6
Let z(s) be the second derivative of 3*s**2 - 1/6*s**3 - 21*s + 0. Determine z(9).
-3
Let d(q) = -q**3 - q**2 + 7*q - 10. Let p be d(-4). Let l(r) = -4 - p*r - 2*r**2 + 3 + 5 + 7*r. Determine l(-3).
-5
Let f = -84 - -120. Let g be 8/f - (-38)/(-9). Let m(q) be the second derivative of -q**4/12 - 5*q**3/6 - 2*q**2 + 4*q. Determine m(g).
0
Let p(s) = s**3 + 11*s**2 - 14. Let w be p(-11). Let j = 12 + w. Let c(b) be the third derivative of -b**6/60 - b**5/20 + b**2. Calculate c(j).
4
Let j(l) = 6*l + 1 + 11*l - 43*l + 3*l. Give j(-1).
24
Let w(t) = -t**2 + 0*t - t**2 - 2*t + 1. Let u(g) = g**2 - 31*g + 2. Let v be u(31). What is w(v)?
-11
Let y(w) be the second derivative of -1/6*w**3 + 18*w + 0*w**2 + 0. What is y(-4)?
4
Let y be (-8)/(-3)*(-6)/(-8). Let x be 11/7 - 4/7. Let l(j) = j + 0 - j + x - 4*j. Give l(y).
-7
Let h(v) = 20*v**2 - 17*v - 41. Let u(i) = 10 + 6*i + 4 - 3*i**2 - 4*i**2. Let a(o) = 6*h(o) + 17*u(o). Let l be 19/(114/(-36)) + 6. Determine a(l).
-8
Suppose -4*k - 374 = 6*h - 4*h, 0 = -2*k + 8. Let x = h - -199. Let u(s) = -s**2 - s. Let g(i) = i**2 - 6*i. Let d(l) = g(l) - u(l). What is d(x)?
12
Let n be 1/(-5) - 32/(-10). Let r(l) = -3*l - 2. Let o(m) = 13*m + 8. Suppose p - 9 = 4*j - 4, 0 = 2*j + p + 7. Let i(t) = j*o(t) - 9*r(t). What is i(n)?
5
Suppose 13*t + 96 = -3*t. Let f(d) = -d**2 - 8*d - 19. Calculate f(t).
-7
Let p(k) be the third derivative of k**6/120 + 7*k**5/60 - k**4/8 - 5*k**3/3 - 3*k**2 + 4*k. Give p(-7).
11
Let k(l) = -3*l**2 + 2*l - 3. Suppose -22*f = -39*f + 34. What is k(f)?
-11
Let q(d) be the first derivative of -2*d**2 + 4*d + 631. Determine q(-3).
16
Let j(t) = 2 + 2*t + 10*t + 8*t - 24*t + t**2. Give j(5).
7
Let t(h) = 11 + 4 + 34*h - 31*h. What is t(-8)?
-9
Let w(q) = -q - 2. Let m(y) = 4*y + 4. Let a be m(3). Suppose 4*s + 0*s = a. Let k be (30/12)/((-2)/s). Give w(k).
3
Suppose -9*r + 11*r = 2. Let l(n) be the first derivative of 2*n - r - 1/2*n**2. Determine l(3).
-1
Let p(x) = -7 + 2*x - 7 + 5. Let f(l) be the first derivative of -l**4/4 - 5*l**3/3 - 7*l**2/2 - 6*l - 11. Let q be f(-4). Determine p(q).
3
Let l(t) be the first derivative of t**4/2 + 5*t**3/3 + 3*t**2/2 + 26. Determine l(-3).
-18
Let k(m) = m**2 + 3*m - 23. Let p be k(-7). Let o(w) = -3*w + 2*w - w**2 - 1 + 8. Determine o(p).
-23
Let w = 1547 - 1556. Let q(f) = -f**2 - 15*f - 14. Give q(w).
40
Let n be (-3)/15*3*-5. Let y(l) be the first derivative of -l**4/12 + l**3/3 - l**2/2 + 4*l - 2. Let f(q) be the first derivative of y(q). Determine f(n).
-4
Let k be (-1)/(-5) - 41*2/10. Let l(p) = -7*p - p**2 - 4 - 2*p - 4. Give l(k).
0
Suppose 14*s + 264 = 18*s. Let o(a) = 62*a - 3 + 3 - s*a - a**2. Calculate o(-6).
-12
Let s be -2 - (13 + -1)/2. Let k(p) = 131*p - 12. Let i(z) = 109*z - 13. Let g(o) = -6*i(o) + 5*k(o). What is g(s)?
10
Let v be 24/14 - (-12)/42. Suppose -x = -2*d - 4, 4 = -3*x - v*d - 8. Let t be x/(-3)*21/2. Let c(g) = g**2 - 7*g + 2. Determine c(t).
2
Let f be (-96)/15 - (-2)/5. Let z(y) be the third derivative of 1/3*y**3 + 0 + 0*y + 1/24*y**4 + 3*y**2. Determine z(f).
-4
Let f(k) = -k**2 - 3*k + 16. Let j be f(0). Let z(y) = 15 - 34 + y**3 + j. Determine z(0).
-3
Let g(a) be the first derivative of 2*a + 4 + 0*a**2 + 1/3*a**3. Give g(0).
2
Let z(j) be the second derivative of 2*j**3/3 + 3*j**2/2 + 17*j + 2. What is z(4)?
19
Let z(g) = -g**2 - 4 - 23 + 53 + 2*g - 5*g. What is z(5)?
-14
Let o(v) be the third derivative of -1/12*v**4 - 1/120*v**6 + 0 - 1/6*v**3 + 0*v + 1/30*v**5 + 6*v**2. Calculate o(2).
-5
Let p(q) = 4*q + 18. Let h be p(-5). Let t(v) = 10*v + 3. What is t(h)?
-17
Suppose 2*a - z + 159 = -37, -4*z = -3*a - 304. Let s = a - -97. Let m(b) = 10*b**3 - b**2 + b - 1. Determine m(s).
9
Let v(j) = -3*j - 7. Let u = -71 - -65. What is v(u)?
11
Let m(r) = -r**3 + 6*r**2 - 2*r + 7. Let o(k) = -9*k + 4*k + 0*k - 9 + 0. Let z be o(-3). What is m(z)?
-5
Let s(q) be the second derivative of -8*q + 0*q**2 + 0 - 1/6*q**3. What is s(-1)?
1
Let w(h) be the second derivative of 5*h**3/6 + 17*h**2/2 + 2*h + 147. What is w(-4)?
-3
Let l be 25/10*(62/(-10) - -5). Let t(n) = -n**2 - 3*n + 7. Give t(l).
7
Let z = -105 + 116. Suppose 6*g + 5 = z. Let k(q) = 19*q**3 + q. Determine k(g).
20
Let c(p) = -1 + 0*p**2 - 6*p - 3 + 4*p**2 - 5*p**2. Let h be c(-3). Let m(b) = b**3 - 5*b**2 + 2*b - 3. What is m(h)?
7
Let j = 8 + -3. Suppose -u + 1 = 4*c, 0*u - u + 10 = -j*c. Let i(d) = 1 + 8*d - 6 - 2*d - d**2. Give i(u).
0
Let c(w) = -w - 9. Let p be c(-11). Suppose -10 = -5*s, -12 = -p*r + 2*s - 4*s. Let l be r/14 - 297/(-63). Let t(h) = h**3 - 4*h**2 - 4*h - 5. What is t(l)?
0
Suppose 8*i + n + 4 = 7*i, -3*n - 11 = 2*i. Let t(a) = 1 - 1 + 8*a - 1. Calculate t(i).
-9
Suppose 0 = q - 131 + 138. Let b(v) = -v**3 - 7*v**2 + 7*v + 10. Determine b(q).
-39
Let g(r) = 4*r + 1. Let x(d) = -d. Let i(a) = g(a) + 2*x(a). Let f = -3 - -6. Suppose 4 = y - 2*b, f*y + 8 = 6*y - 5*b. Calculate i(y).
-7
Let s(z) = 5*z**2 - 6*z + 1. Let y(q) = 4*q**2 - 5*q. Let u(r) = -2*s(r) + 3*y(r). Suppose 17*d - 16 = 35. Give u(d).
7
Let f(d) = -d**2 + 13*d - 7. Let k be (-12 - -15)*(-13)/(-3). Calculate f(k).
-7
Let h be 4/((-4)/(-3)) + (7 - 19). Let q = h - -18. Let y(t) = t. Determine y(q).
9
Let s = -16 - -25. Let z(p) = -p**3 + 9*p**2 + p - 13. Calculate z(s).
-4
Let c = -8 + 14. Let z be (-1)/(-6) - 67/c. Let b = z + 6. Let f(n) = n**2 + 5*n - 2. Calculate f(b).
-2
Suppose -r + 24 = 2*r. Let j = 561 - 501. Let h be r/(-44) - j/33. Let v(s) = -s**3 - 4*s**2 - 2*s + 1. Calculate v(h).
-3
Let m = -24 + 31. Suppose -m*x + 10 + 4 = 0. Let u(z) = -3 - 15*z**2 - 15*z**x + 29*z**2 - 2*z. Calculate u(-3).
-6
Let m(v) = -3 + v**2 + 9*v + 15*v**2 - 7*v**2 - v**3. Let g(b) = 2*b**3 - 17*b**2 - 17*b + 6. Let p(f) = 6*g(f) + 11*m(f). Give p(4).
7
Let g(z) = 2*z - 11. Let n = 2402 - 2396. Give g(n).
1
Let m(v) = v**2 - 8*v - 6. Let d be m(9). Let w(l) = 3*l**3 - l**3 - 6*l**2 - 2*l**3 + l - l**d. Let o be -4 - 3 - (-1 + 0). Determine w(o).
-6
Let n(v) be the second derivative of -1/2*v**2 - 1/2*v**3 + 0 - 6*v. Calculate n(5).
-16
Let g(z) = z**3 - 2*z**2 + 2*z + 1. Let d = 38 + -36. Let c be (82/(-18) - -5)/(d/9). Give g(c).
5
Suppose -2*k = -5*z + 47, -4*z - k = k - 34. Let v(b) = b - 8. Determine v(z).
1
Let y(h) = -h**2 + 5 + 6*h + 0*h**2 + 0*h. Let r(j) = -j**3 - 7*j**2 + j + 6. Let t be r(-7). Let l be 18/(-36)*(-13 - t). Calculate y(l).
5
Let y(v) = 7*v**3 - 4*v**2 + v - 9. Let b(l) = -3*l**3 + 2*l**2 - l + 4. Let n(o) = -5*b(o) - 2*y(o). What is n(2)?
4
Let l(g) = -g**2 + 7*g - 3. Let x be l(6). Suppose -f - x = -1. Let i(p) = p**2 - p. Let s(j) = -j**2 + 3*j + 1. Let u(n) = -5*i(n) - 2*s(n). Determine u(f).
-12
Let d(h) = -169*h - h**2 + 3 + 178*h - 14. Calculate d(8).
-3
Let z(y) be the second derivative of 0 + 2*y - 1/6*y**4 + 0*y**2 - 1/20*y**5 + 1/2*y**3. Let v(m) = m**2 - 17*m + 18. Let o be v(16). Determine z(o).
-10
Let s(a) = -14 - 1833*a + 917*a + 915*a. Give s(-6).
-8
Let r(a) be the first derivative of a**3/3 + a**2 - 6*a + 239. Calculate r(-5).
9
Let u(r) = -2*r + 10*r**2 + 1 + 4*r**2 + 6 - 15*r**2. Let f(z) = -2*z**2 - 5*z + 15. Let x(w) = -6*f(w) + 13*u(w). Determine x(5).
-4
Let t = -48 - -52. Let v(j) = -j**2 + 5 + 4*j**2 - t*j**2 + 2*j + 2*j. Calculate v(6).
-7
Suppose -23 = -3*q - 8. Let t = q + 2. Suppose -j = -2*m - 2 - t, 5*m = -3*j - 50. Let p(z) = z**3 + 8*z**2 + 7*z + 2. Give p(m).
2
Let a be (5/(-4))/(58/464